{"id":72,"date":"2019-11-07T08:32:59","date_gmt":"2019-11-07T08:32:59","guid":{"rendered":"https:\/\/tepel-media.de\/?page_id=72"},"modified":"2020-03-17T12:05:39","modified_gmt":"2020-03-17T12:05:39","slug":"hinweis","status":"publish","type":"page","link":"https:\/\/tepel-media.de\/?page_id=72","title":{"rendered":"Hinweis"},"content":{"rendered":"\n<p>Sehr geehrte Kunden,<\/p>\n\n\n\n<p>auf Grund der aktuellen Situation kann es leider zu verz\u00f6gerungen in der Erreichbarkeit kommen. Unsere Mitarbeiter sind aus dem Home-Office erreichbar, m\u00fcssen aber auch zeitgleich Familie mit unterbringen. Wir als Familienunternehmen geben unser bestes alle Anfordernungen gerecht zu werden. <\/p>\n\n\n\n<p>Wir w\u00fcnschen allen Partnern und Kunden St\u00e4rke und Gesundheit in dieser Zeit.<\/p>\n\n\n\n<p>Falls Sie noch unterst\u00fctzung bei der Einrichtung von Remote Arbeitspl\u00e4tzen ben\u00f6tigen, sprechen Sie uns bitte an.<\/p>\n\n\n\n<p>Wir sind weiterhin f\u00fcr Sie da!<\/p>\n\n\n\n<p><\/p>\n\n\n\n<p>Herzliche Gr\u00fc\u00dfe<\/p>\n\n\n\n<p>Das Team der Tepel Media <\/p>\n\n\n\n<p><\/p>\n\n\n\n<p><\/p>\n\n\n\n<p><\/p>\n","protected":false},"excerpt":{"rendered":"<p>Sehr geehrte Kunden, auf Grund der aktuellen Situation kann es leider zu verz\u00f6gerungen in der Erreichbarkeit kommen. Unsere Mitarbeiter sind aus dem Home-Office erreichbar, m\u00fcssen aber auch zeitgleich Familie mit unterbringen. Wir als Familienunternehmen geben &hellip;<\/p>\n","protected":false},"author":1,"featured_media":0,"parent":0,"menu_order":1,"comment_status":"closed","ping_status":"closed","template":"","meta":{"footnotes":""},"_links":{"self":[{"href":"https:\/\/tepel-media.de\/index.php?rest_route=\/wp\/v2\/pages\/72"}],"collection":[{"href":"https:\/\/tepel-media.de\/index.php?rest_route=\/wp\/v2\/pages"}],"about":[{"href":"https:\/\/tepel-media.de\/index.php?rest_route=\/wp\/v2\/types\/page"}],"author":[{"embeddable":true,"href":"https:\/\/tepel-media.de\/index.php?rest_route=\/wp\/v2\/users\/1"}],"replies":[{"embeddable":true,"href":"https:\/\/tepel-media.de\/index.php?rest_route=%2Fwp%2Fv2%2Fcomments&post=72"}],"version-history":[{"count":5,"href":"https:\/\/tepel-media.de\/index.php?rest_route=\/wp\/v2\/pages\/72\/revisions"}],"predecessor-version":[{"id":127,"href":"https:\/\/tepel-media.de\/index.php?rest_route=\/wp\/v2\/pages\/72\/revisions\/127"}],"wp:attachment":[{"href":"https:\/\/tepel-media.de\/index.php?rest_route=%2Fwp%2Fv2%2Fmedia&parent=72"}],"curies":[{"name":"wp","href":"https:\/\/api.w.org\/{rel}","templated":true}]}}